. Suppose s - 6*s = r. Suppose -20 = 6*l - 2*l, -3*j - 2*l + 38 = s. Calculate the remainder when 31 is divided by j.
15
Let v(i) = -28*i - 246. Calculate the remainder when v(-11) is divided by 13.
10
Let k(z) = z**2 - 17*z - 35. Let a be k(19). Suppose m - w = 71, 0 = a*m + m + 4*w - 308. Calculate the remainder when m is divided by 26.
22
Let o(v) = -v**3 + 5*v**2 - 2 - 1 + 3 + 5*v - 4. Calculate the remainder when o(5) is divided by ((-6)/(-4))/(1/4).
3
Suppose -4466 = -21*q - 37*q. What is the remainder when 537 is divided by q?
75
Calculate the remainder when -3 - -7 - (-93 - (-2 - -3)) is divided by 36.
26
Suppose -2*d + 163 = -5*v, 10 = 4*d - 2*v - 356. Calculate the remainder when d is divided by 11.
6
Let x = -20 - -19. Let t = -5 - x. Let h(c) = c**2 + 2*c - 2. What is the remainder when 23 is divided by h(t)?
5
Let b(o) = 5 + 7*o - 6*o - o**2 + 2*o. What is the remainder when 13 is divided by b(0)?
3
Suppose -3*h = -6*h + 4*j + 16, 2*j = -h + 2. Suppose 8*t = -h*t + 204. What is the remainder when 65 is divided by t?
14
Let o = -1137 + 1530. What is the remainder when o is divided by 12?
9
Let x = 62 - 24. Suppose -5*h + h = 5*i - 587, -150 = -h + 2*i. Calculate the remainder when h is divided by x.
34
Let v(o) = -24*o**3 - 2*o**2 - 2*o - 1. Calculate the remainder when 268*((-11)/99 - (-13)/36) is divided by v(-1).
21
Let t(y) = y - 4. Let c = 55 - 35. What is the remainder when 25 is divided by t(c)?
9
Suppose 4*r + 4*f - 28 = 0, 3*f - 20 + 8 = 0. Let p = 19 - 10. Calculate the remainder when p is divided by r.
0
Suppose 3*l - 4*l = 0. Let f be l + (1 - (-90)/(-3)). Let m = f + 42. Calculate the remainder when 37 is divided by m.
11
Let t(k) = 23*k - 6. Let j be (2 - -4) + 9/(-3). Let g be t(j). Let x = g - 40. Calculate the remainder when x is divided by 13.
10
Let i = -15 + 13. Let k be i/12 - (-52)/24. Suppose 5*d + k*s = 192, d = -0*d - 4*s + 42. What is the remainder when d is divided by 10?
8
What is the remainder when ((-4)/10)/((-5)/1850) is divided by 10?
8
What is the remainder when 214 + (-3 + 6 + -4 - -5) is divided by 58?
44
Let l(d) = 14*d**2 - 3*d + 1. Let f be l(-5). Let q = -173 + f. Suppose 5*n = -4*x + 501, -3*n + q = 4*x - 106. What is the remainder when n is divided by 34?
33
Let z be -1 + 2 + -1 - 3. Let p(r) = -r**3 - 2*r**2 + r. What is the remainder when (-6 - -4)/(6/(-87)) is divided by p(z)?
5
Let s be ((-12)/(-9))/(-2)*(4 + -25). Suppose 52 = -s*m + 16*m. What is the remainder when (5 - (0 + 0))*15 is divided by m?
23
Suppose 5*i = -v + 464, 2*v + 185 = 2*i + 9. Calculate the remainder when 273 is divided by i.
89
Let n(w) = 5*w**2 + 4*w + 6. Let f be n(4). What is the remainder when (f/18)/(2/24) is divided by 14?
12
Suppose 0 = -5*i + 12 + 3. Suppose 8*w - i*w - 4 = 2*t, 12 = 4*t. Suppose -w*p + 318 - 106 = 0. Calculate the remainder when p is divided by 27.
25
Suppose -5*k = -5*t + 45, t + k = 5*t - 21. Let h be ((-10)/4)/(45/(-20) + 1). Suppose h*c - t*c = -32. What is the remainder when c is divided by 9?
7
Suppose 38*b - 29*b = 603. Calculate the remainder when 198 is divided by b.
64
Suppose 2*x - 4*x + 542 = 0. Calculate the remainder when x/7 + ((-48)/(-21) - 2) is divided by 10.
9
Suppose -o + 4*b - 22 = -2*o, 4*o - 28 = -b. Suppose 0 = o*v - v - 105. Suppose 5*t = -z + 315, 10 = -0*z + 2*z. What is the remainder when t is divided by v?
20
Suppose -3*p + 6 = -18. Suppose w - p + 52 = 2*l, -5*w + 116 = 4*l. Suppose 5*h - 70 = -5*j, -2 = -18*j + 16*j. Calculate the remainder when l is divided by h.
11
Let q = -51 + 53. Suppose q*o - 5*t = 3*o - 75, 4*t = o - 111. Calculate the remainder when o is divided by 16.
15
Suppose -210 = -15*f - 30. What is the remainder when 38 is divided by f?
2
Let i(x) = x**3 - 7*x**2 + 19*x - 3. Calculate the remainder when i(8) is divided by 36.
33
Let u(y) = 260*y - 25. Let k(o) = 65*o - 6. Let v(r) = -9*k(r) + 2*u(r). What is the remainder when v(-1) is divided by 18?
15
Let w(v) = v**2 - 14*v - 84. Calculate the remainder when w(-5) is divided by (-6)/(-4)*(-16)/(-3).
3
What is the remainder when ((-14)/4)/(243/122 + -2) is divided by 8?
3
Let p be (40/(-32))/(1/(-4)). Suppose -129 = -p*v + 56. What is the remainder when v is divided by 20?
17
Suppose -q + 723 = 3*l + 2*q, 5*l + 3*q - 1201 = 0. Let v = l - 171. Calculate the remainder when v is divided by 35.
33
Suppose 0 = 4*i, 5*i + 35 + 65 = -5*w. Let o be (((-288)/15)/(-4))/((-12)/40). What is the remainder when 26 is divided by (-35)/(-2)*o/w?
12
Suppose 2*v = -63*v + 715. Calculate the remainder when 43 is divided by v.
10
Suppose 0 = 39*v - 43*v + 68. Suppose -3*u = 3*w - 27, 4*u + w + w = 30. What is the remainder when v is divided by u?
5
Suppose -1479 = -3*b + 720. What is the remainder when b is divided by 15?
13
Let s(l) = l**3 - 8*l**2 + 9*l - 3. Let j = 18 + -11. Let g be s(j). Let c(a) = -a**3 + 12*a**2 - 9*a - 7. Calculate the remainder when 58 is divided by c(g).
13
Let y(f) = 2*f**2 + 6*f + 7. Let g(z) = -2*z**3 - 11*z**2 - 6*z - 8. Let s be g(-5). What is the remainder when 13 is divided by y(s)?
6
Suppose u + 19*k - 13 = 20*k, u - 3*k = 13. Let g(b) = b**2 + b + 1. What is the remainder when u is divided by g(2)?
6
Let h be (-95)/(-35) + 2/7. Suppose 2*u + 6 = 0, -33 - h = -a - 5*u. Let l(z) = -9*z - 5. Calculate the remainder when a is divided by l(-2).
12
Suppose 0 = -3*d - 9, -9*l - 3*d + 95 = -5*l. Calculate the remainder when l is divided by 9.
8
Let p = 10 + 90. What is the remainder when 1398 is divided by p?
98
Let h(a) = -5*a + 2. Let o be h(-7). Let p = 244 - o. Calculate the remainder when p is divided by 35.
32
Suppose i + 4*a - 21 = 0, 5*a - 24 + 121 = 3*i. Suppose 5*l - g - 280 = 3*g, -2*l + 4*g = -112. Calculate the remainder when l is divided by i.
27
Suppose 8*k = 3*k - 40. Let r(c) = 3*c**2 - 5*c - 18. Calculate the remainder when 12/k*(1 + -63) is divided by r(-3).
21
Suppose 20 = 6*r - r. Suppose 3*b = 91 + 20. Calculate the remainder when r*(1917/(-12))/(-9) is divided by b.
34
Suppose 78 + 18 = 16*t. Calculate the remainder when 87 is divided by t.
3
What is the remainder when 103 is divided by 135/12*2*(-12)/(-5)?
49
Let b(j) = -j**2 - 31*j + 232. What is the remainder when 237 is divided by b(-37)?
7
Suppose -k - 16 = -2*q, 0*k - 5*k - 4*q - 24 = 0. Let f = 22 + 12. What is the remainder when f is divided by 2/k - (-343)/28?
10
What is the remainder when 19 is divided by 28/(-21)*1*33/(-4)?
8
Suppose -3*f - 5 = -95. What is the remainder when 111 is divided by f?
21
Suppose -3*m - 32 = m. Let n(v) = v**3 + 8*v**2 - 6*v - 20. Suppose -72 + 22 = -5*b. What is the remainder when n(m) is divided by b?
8
Let t = 353 - 249. Suppose 212*u - 217*u = -135. Calculate the remainder when t is divided by u.
23
Let j = -1139 + 1162. Calculate the remainder when 70 is divided by j.
1
Let d(r) = r**3 - 7*r**2 + 9*r + 26. What is the remainder when 171 is divided by d(6)?
39
Let t(s) = -55*s - 151. What is the remainder when 559 is divided by t(-3)?
13
Let d = -2405 - -2433. Calculate the remainder when (-4)/14 - 1865/(-35) is divided by d.
25
Suppose -28*l + 25*l = -51. What is the remainder when 67 is divided by l?
16
Suppose -3*c + 3*b + 8 = -7, -c = -3*b - 5. Let u(q) = -q**2 - 3*q + 11. Let j be u(-7). Let o = 23 + j. What is the remainder when o is divided by c?
1
Suppose 0*l + 528 = 5*f + 2*l, -l + 524 = 5*f. Suppose -2*v = -10*v + f. Calculate the remainder when 55 is divided by v.
3
Suppose -30*t + 26*t + 208 = 0. What is the remainder when 152 is divided by t?
48
Let s(n) be the second derivative of 3*n**4/2 - n**2/2 - 11*n. Calculate the remainder when s(-1) is divided by 5.
2
Let l = 36 - -48. Calculate the remainder when l is divided by 34.
16
Let v = -3074 - -3095. Let t = -2 - -2. Suppose 0 = -t*d - 2*d + 16. What is the remainder when v is divided by d?
5
Let y = -46 - -45. Let v(b) = 12*b**2 - 5*b - 4. Calculate the remainder when v(y) is divided by 5.
3
Let a(m) = -3*m - 40. Let k be (-2 - 17)*(2 + -2 + 1). What is the remainder when a(k) is divided by 4?
1
Suppose 0 = -4*z, 2*z = -x + 7*z + 549. Calculate the remainder when x is divided by 50.
49
Let w = 1 + -7. Let g(d) = -2*d**3 - 6*d**2 + 18*d. What is the remainder when g(w) is divided by 22?
20
Suppose 0 =